{"id":1993,"date":"2026-04-28T21:28:19","date_gmt":"2026-04-28T21:28:19","guid":{"rendered":"https:\/\/mmj.bcardmexico.com\/?post_type=product&#038;p=1993"},"modified":"2026-04-28T21:28:20","modified_gmt":"2026-04-28T21:28:20","slug":"car-smart-lcd-key-touch-screen","status":"publish","type":"product","link":"https:\/\/mmj.bcardmexico.com\/?product=car-smart-lcd-key-touch-screen","title":{"rendered":"Car Smart LCD Key Touch Screen"},"content":{"rendered":"<p>La tecla LCD inteligente es adecuada para todos los modelos con un bot\u00f3n de inicio, y no es adecuada para el coche original necesita llave mec\u00e1nica o insertar la tecla de tipo para introducir el modelo de coche.<\/p>\n","protected":false},"excerpt":{"rendered":"<div id=\"availability_feature_div\" class=\"celwidget\" data-feature-name=\"availability\" data-csa-c-type=\"widget\" data-csa-c-content-id=\"availability\" data-csa-c-slot-id=\"availability_feature_div\" data-csa-c-asin=\"B0BVBPRP9D\" data-csa-c-is-in-initial-active-row=\"false\" data-csa-c-id=\"8um6um-q57p7k-lw3sus-7qt3h9\" data-cel-widget=\"availability_feature_div\">\n<div id=\"availability\" class=\"a-section a-spacing-base a-spacing-top-micro }\">No sabemos si este producto volver\u00e1 a estar disponible, ni cu\u00e1ndo.<\/div>\n<div class=\"a-section a-spacing-none\"><\/div>\n<div class=\"a-section a-spacing-mini\"><\/div>\n<\/div>\n<div id=\"globalStoreBadgePopover_feature_div\" class=\"celwidget\" data-feature-name=\"globalStoreBadgePopover\" data-csa-c-type=\"widget\" data-csa-c-content-id=\"globalStoreBadgePopover\" data-csa-c-slot-id=\"globalStoreBadgePopover_feature_div\" data-csa-c-asin=\"B0BVBPRP9D\" data-csa-c-is-in-initial-active-row=\"false\" data-csa-c-id=\"w7adld-szhsao-4gx01k-54mma4\" data-cel-widget=\"globalStoreBadgePopover_feature_div\"><\/div>\n<div id=\"dynamicDeliveryMessage_feature_div\" class=\"celwidget\" data-feature-name=\"dynamicDeliveryMessage\" data-csa-c-type=\"widget\" data-csa-c-content-id=\"dynamicDeliveryMessage\" data-csa-c-slot-id=\"dynamicDeliveryMessage_feature_div\" data-csa-c-asin=\"B0BVBPRP9D\" data-csa-c-is-in-initial-active-row=\"false\" data-csa-c-id=\"tsk20l-5kixpq-xipdwh-pxvoqb\" data-cel-widget=\"dynamicDeliveryMessage_feature_div\">\n<div id=\"dynamicDeliveryMessage\" class=\"a-section a-spacing-mini\"><\/div>\n<\/div>\n<div id=\"dpFastTrack_feature_div\" class=\"celwidget\" data-feature-name=\"dpFastTrack\" data-csa-c-type=\"widget\" data-csa-c-content-id=\"dpFastTrack\" data-csa-c-slot-id=\"dpFastTrack_feature_div\" data-csa-c-asin=\"B0BVBPRP9D\" data-csa-c-is-in-initial-active-row=\"false\" data-csa-c-id=\"osb157-9lhz8m-arxtmr-atwk4i\" data-cel-widget=\"dpFastTrack_feature_div\"><\/div>\n<div id=\"deepCheckPromise_feature_div\" class=\"celwidget\" data-feature-name=\"deepCheckPromise\" data-csa-c-type=\"widget\" data-csa-c-content-id=\"deepCheckPromise\" data-csa-c-slot-id=\"deepCheckPromise_feature_div\" data-csa-c-asin=\"B0BVBPRP9D\" data-csa-c-is-in-initial-active-row=\"false\" data-csa-c-id=\"ovxng-zfcgup-k19iel-yao4go\" data-cel-widget=\"deepCheckPromise_feature_div\"><\/div>\n<div id=\"credentialBasedBadging_feature_div\" class=\"celwidget\" data-feature-name=\"credentialBasedBadging\" data-csa-c-type=\"widget\" data-csa-c-content-id=\"credentialBasedBadging\" data-csa-c-slot-id=\"credentialBasedBadging_feature_div\" data-csa-c-asin=\"B0BVBPRP9D\" data-csa-c-is-in-initial-active-row=\"false\" data-csa-c-id=\"k9e77q-7a1c9u-ekuntb-pd05i3\" data-cel-widget=\"credentialBasedBadging_feature_div\"><\/div>\n<div id=\"shipsFromSoldBy_feature_div\" class=\"celwidget\" data-feature-name=\"shipsFromSoldBy\" data-csa-c-type=\"widget\" data-csa-c-content-id=\"shipsFromSoldBy\" data-csa-c-slot-id=\"shipsFromSoldBy_feature_div\" data-csa-c-asin=\"B0BVBPRP9D\" data-csa-c-is-in-initial-active-row=\"false\" data-csa-c-id=\"kex3jk-jxz362-yg3v8m-ui61tp\" data-cel-widget=\"shipsFromSoldBy_feature_div\">\n<div id=\"merchant-info\" class=\"a-section a-spacing-base\"><\/div>\n<\/div>\n<div id=\"businessPricing_feature_div\" class=\"celwidget\" data-feature-name=\"businessPricing\" data-csa-c-type=\"widget\" data-csa-c-content-id=\"businessPricing\" data-csa-c-slot-id=\"businessPricing_feature_div\" data-csa-c-asin=\"B0BVBPRP9D\" data-csa-c-is-in-initial-active-row=\"false\" data-csa-c-id=\"8oko7y-7dmm9b-rkn0pg-th77hi\" data-cel-widget=\"businessPricing_feature_div\"><\/div>\n<div id=\"holidayAvailabilityMessage_feature_div\" class=\"celwidget\" data-feature-name=\"holidayAvailabilityMessage\" data-csa-c-type=\"widget\" data-csa-c-content-id=\"holidayAvailabilityMessage\" data-csa-c-slot-id=\"holidayAvailabilityMessage_feature_div\" data-csa-c-asin=\"B0BVBPRP9D\" data-csa-c-is-in-initial-active-row=\"false\" data-csa-c-id=\"u147r5-1sjvwv-4mywhy-z7053p\" data-cel-widget=\"holidayAvailabilityMessage_feature_div\"><\/div>\n<div id=\"apEligibility_feature_div\" class=\"celwidget\" data-feature-name=\"apEligibility\" data-csa-c-type=\"widget\" data-csa-c-content-id=\"apEligibility\" data-csa-c-slot-id=\"apEligibility_feature_div\" data-csa-c-asin=\"B0BVBPRP9D\" data-csa-c-is-in-initial-active-row=\"false\" data-csa-c-id=\"z7f46b-moj4v4-iuf6u-finaf\" data-cel-widget=\"apEligibility_feature_div\"><\/div>\n<div id=\"internationalVersionMismatchCE_feature_div\" class=\"celwidget\" data-feature-name=\"internationalVersionMismatchCE\" data-csa-c-type=\"widget\" data-csa-c-content-id=\"internationalVersionMismatchCE\" data-csa-c-slot-id=\"internationalVersionMismatchCE_feature_div\" data-csa-c-asin=\"B0BVBPRP9D\" data-csa-c-is-in-initial-active-row=\"false\" data-csa-c-id=\"6qbmc2-io7oso-7xnofj-llx257\" data-cel-widget=\"internationalVersionMismatchCE_feature_div\"><\/div>\n<div id=\"twister_feature_div\" class=\"celwidget\" data-feature-name=\"twister\" data-csa-c-type=\"widget\" data-csa-c-content-id=\"twister\" data-csa-c-slot-id=\"twister_feature_div\" data-csa-c-asin=\"B0BVBPRP9D\" data-csa-c-is-in-initial-active-row=\"false\" data-csa-c-id=\"cjf6o-ngp1wy-mvyinw-t8qgno\" data-cel-widget=\"twister_feature_div\"><\/div>\n<div id=\"bundles_feature_div\" class=\"celwidget\" data-feature-name=\"bundles\" data-csa-c-type=\"widget\" data-csa-c-content-id=\"bundles\" data-csa-c-slot-id=\"bundles_feature_div\" data-csa-c-asin=\"B0BVBPRP9D\" data-csa-c-is-in-initial-active-row=\"false\" data-csa-c-id=\"5piaua-1n60fl-pgvkgp-9a2byj\" data-cel-widget=\"bundles_feature_div\"><\/div>\n<div id=\"valueAdds_feature_div\" class=\"celwidget\" data-feature-name=\"valueAdds2\" data-csa-c-type=\"widget\" data-csa-c-content-id=\"valueAdds2\" data-csa-c-slot-id=\"valueAdds_feature_div\" data-csa-c-asin=\"B0BVBPRP9D\" data-csa-c-is-in-initial-active-row=\"false\" data-csa-c-id=\"lstazi-brcgda-asb4h7-34dvry\" data-cel-widget=\"valueAdds_feature_div\"><\/div>\n<div id=\"clickToContact_feature_div\" class=\"celwidget\" data-feature-name=\"clickToContact\" data-csa-c-type=\"widget\" data-csa-c-content-id=\"clickToContact\" data-csa-c-slot-id=\"clickToContact_feature_div\" data-csa-c-asin=\"B0BVBPRP9D\" data-csa-c-is-in-initial-active-row=\"false\" data-csa-c-id=\"izxzy8-txy7d7-2twlov-roy0fa\" data-cel-widget=\"clickToContact_feature_div\"><\/div>\n<div id=\"amazonCertifiedBadgeCommon_feature_div\" class=\"celwidget\" data-feature-name=\"amazonCertifiedBadgeCommon\" data-csa-c-type=\"widget\" data-csa-c-content-id=\"amazonCertifiedBadgeCommon\" data-csa-c-slot-id=\"amazonCertifiedBadgeCommon_feature_div\" data-csa-c-asin=\"B0BVBPRP9D\" data-csa-c-is-in-initial-active-row=\"false\" data-csa-c-id=\"w9519s-fo0k18-zcmjq1-ahivr2\" data-cel-widget=\"amazonCertifiedBadgeCommon_feature_div\"><\/div>\n<div id=\"smartHomeWidget_feature_div\" class=\"celwidget\" data-feature-name=\"smartHomeWidget\" data-csa-c-type=\"widget\" data-csa-c-content-id=\"smartHomeWidget\" data-csa-c-slot-id=\"smartHomeWidget_feature_div\" data-csa-c-asin=\"B0BVBPRP9D\" data-csa-c-is-in-initial-active-row=\"false\" data-csa-c-id=\"5a785z-i3xw0w-3h7l8l-vdpu4o\" data-cel-widget=\"smartHomeWidget_feature_div\"><\/div>\n<div id=\"renewedProgramDescriptionAtf_feature_div\" class=\"celwidget\" data-feature-name=\"renewedProgramDescriptionAtf\" data-csa-c-type=\"widget\" data-csa-c-content-id=\"renewedProgramDescriptionAtf\" data-csa-c-slot-id=\"renewedProgramDescriptionAtf_feature_div\" data-csa-c-asin=\"B0BVBPRP9D\" data-csa-c-is-in-initial-active-row=\"false\" data-csa-c-id=\"1ogda9-4msws8-5fl0ec-bvv193\" data-cel-widget=\"renewedProgramDescriptionAtf_feature_div\"><\/div>\n<div id=\"twisterPlusWWDesktop\" class=\"celwidget\" data-feature-name=\"twisterPlusWWDesktop\" data-csa-c-type=\"widget\" data-csa-c-content-id=\"twisterPlusWWDesktop\" data-csa-c-slot-id=\"twisterPlusWWDesktop\" data-csa-c-asin=\"B0BVBPRP9D\" data-csa-c-is-in-initial-active-row=\"false\" data-csa-c-id=\"7bicvk-sfhdnd-jphlw5-k1r51s\" data-cel-widget=\"twisterPlusWWDesktop\"><\/div>\n<div id=\"unifiedTradeInTwisterPlusCardIngress_feature_div\" class=\"celwidget\" data-feature-name=\"unifiedTradeInTwisterPlusCardIngress\" data-csa-c-type=\"widget\" data-csa-c-content-id=\"unifiedTradeInTwisterPlusCardIngress\" data-csa-c-slot-id=\"unifiedTradeInTwisterPlusCardIngress_feature_div\" data-csa-c-asin=\"B0BVBPRP9D\" data-csa-c-is-in-initial-active-row=\"false\" data-csa-c-id=\"phejjc-jsmvc9-e0etu7-vbnn04\" data-cel-widget=\"unifiedTradeInTwisterPlusCardIngress_feature_div\">\n<div class=\"celwidget c-f\" data-csa-op-log-render=\"\" data-csa-c-content-id=\"DsUnknown\" data-csa-c-slot-id=\"DsUnknown-1\" data-csa-c-type=\"widget\" data-csa-c-painter=\"unified-trade-in-cards\" data-csa-c-id=\"vd93z0-w2mg7q-gdvyk6-sf0kov\" data-cel-widget=\"unified-trade-in_DetailPage_0\">\n<div id=\"CardInstance9M9YTwTRGIg1tBlDlyx6fQ\" data-card-metrics-id=\"unified-trade-in_DetailPage_0\" data-acp-tracking=\"{}\" data-mix-claimed=\"true\">\n<div><\/div>\n<\/div>\n<\/div>\n<\/div>\n<div id=\"sizeChartV2Data_feature_div\" class=\"celwidget\" data-feature-name=\"sizeChartV2Data\" data-csa-c-type=\"widget\" data-csa-c-content-id=\"sizeChartV2Data\" data-csa-c-slot-id=\"sizeChartV2Data_feature_div\" data-csa-c-asin=\"B0BVBPRP9D\" data-csa-c-is-in-initial-active-row=\"false\" data-csa-c-id=\"o6ux9k-5b88f1-uw0qee-pr6p6i\" data-cel-widget=\"sizeChartV2Data_feature_div\"><\/div>\n<div id=\"gestaltCustomizationSummary_feature_div\" class=\"celwidget\" data-feature-name=\"gestaltCustomizationSummary\" data-csa-c-type=\"widget\" data-csa-c-content-id=\"gestaltCustomizationSummary\" data-csa-c-slot-id=\"gestaltCustomizationSummary_feature_div\" data-csa-c-asin=\"B0BVBPRP9D\" data-csa-c-is-in-initial-active-row=\"false\" data-csa-c-id=\"1fppv2-1rsqqm-44kman-5y8yrn\" data-cel-widget=\"gestaltCustomizationSummary_feature_div\"><\/div>\n<div id=\"gestaltPredefinedCustomizations_feature_div\" class=\"celwidget\" data-feature-name=\"gestaltPredefinedCustomizations\" data-csa-c-type=\"widget\" data-csa-c-content-id=\"gestaltPredefinedCustomizations\" data-csa-c-slot-id=\"gestaltPredefinedCustomizations_feature_div\" data-csa-c-asin=\"B0BVBPRP9D\" data-csa-c-is-in-initial-active-row=\"false\" data-csa-c-id=\"39vdpr-mj0d6j-3jahhi-mc0gv5\" data-cel-widget=\"gestaltPredefinedCustomizations_feature_div\"><\/div>\n<div id=\"productOverview_feature_div\" class=\"celwidget\" data-feature-name=\"productOverview_nonPets\" data-csa-c-type=\"widget\" data-csa-c-content-id=\"productOverview_nonPets\" data-csa-c-slot-id=\"productOverview_feature_div\" data-csa-c-asin=\"B0BVBPRP9D\" data-csa-c-is-in-initial-active-row=\"false\" data-csa-c-id=\"b1i7qx-wzs7z4-viu5dp-qg4245\" data-cel-widget=\"productOverview_feature_div\"><\/div>\n<div id=\"collectiblesKeyInformation_feature_div\" class=\"celwidget\" data-feature-name=\"collectiblesKeyInformation\" data-csa-c-type=\"widget\" data-csa-c-content-id=\"collectiblesKeyInformation\" data-csa-c-slot-id=\"collectiblesKeyInformation_feature_div\" data-csa-c-asin=\"B0BVBPRP9D\" data-csa-c-is-in-initial-active-row=\"false\" data-csa-c-id=\"bzt0wc-g1n3ec-aav2mt-d114bn\" data-cel-widget=\"collectiblesKeyInformation_feature_div\"><\/div>\n<div id=\"featurebullets_feature_div\" class=\"celwidget\" data-feature-name=\"featurebullets_nonPets\" data-csa-c-type=\"widget\" data-csa-c-content-id=\"featurebullets_nonPets\" data-csa-c-slot-id=\"featurebullets_feature_div\" data-csa-c-asin=\"B0BVBPRP9D\" data-csa-c-is-in-initial-active-row=\"false\" data-csa-c-id=\"sd118t-qtoklu-79sugx-7ubt56\" data-cel-widget=\"featurebullets_feature_div\">\n<div id=\"feature-bullets\" class=\"a-section a-spacing-medium a-spacing-top-small\">\n<ul class=\"a-unordered-list a-vertical a-spacing-mini\">\n<li class=\"a-spacing-mini\"><span class=\"a-list-item\">[COMPATIBILIDAD APLICABLE] La tecla LCD inteligente es adecuada para todos los modelos con un bot\u00f3n de inicio, y no es adecuada para el coche original necesita llave mec\u00e1nica o insertar la tecla de tipo para introducir el modelo de coche.<\/span><\/li>\n<li class=\"a-spacing-mini\"><span class=\"a-list-item\">\u3010ENTRADA CLAVE \u3011 Cuando el propietario lleva la llave cerca del autom\u00f3vil, la cerradura de la puerta se abrir\u00e1 autom\u00e1ticamente, sin la llave para ingresar al autom\u00f3vil, cuando el propietario deja el autom\u00f3vil, la cerradura de la puerta se cerrar\u00e1 autom\u00e1ticamente.<\/span><\/li>\n<li class=\"a-spacing-mini\"><span class=\"a-list-item\">\u3010P\u00c9RDIDA ANTI CLAVE \u3011 La clave puede configurar la informaci\u00f3n de contacto del propietario, cuando se pierde la llave, la persona que la encuentre puede verificar la informaci\u00f3n de contacto del propietario para ponerse en contacto con el propietario para devolver la llave.<\/span><\/li>\n<li class=\"a-spacing-mini\"><span class=\"a-list-item\">\u3010DISE\u00d1O \u00daNICO\u3011 Estilo personalizado, puede reemplazar el logotipo de la llave del autom\u00f3vil a voluntad, cubriendo la mayor\u00eda del logotipo de los modelos del mercado.<\/span><\/li>\n<li class=\"a-spacing-mini\"><span class=\"a-list-item\">[F\u00e1cil de usar] El marco de la llave est\u00e1 hecho de aleaci\u00f3n de zinc, suave al tacto, el dise\u00f1o inteligente permite a los propietarios tener una experiencia m\u00e1s tecnol\u00f3gica.<\/span><\/li>\n<\/ul>\n<\/div>\n<\/div>\n","protected":false},"featured_media":1994,"comment_status":"open","ping_status":"closed","template":"","meta":[],"etheme_brands":[],"product_brand":[],"product_cat":[56],"product_tag":[],"class_list":{"0":"post-1993","1":"product","2":"type-product","3":"status-publish","4":"has-post-thumbnail","6":"product_cat-llave","8":"first","9":"instock","10":"shipping-taxable","11":"product-type-simple"},"yoast_head":"<!-- This site is optimized with the Yoast SEO Premium plugin v23.4 (Yoast SEO v23.4) - https:\/\/yoast.com\/wordpress\/plugins\/seo\/ -->\n<title>Car Smart LCD Key Touch Screen - MMJ CERRAJER\u00cdA<\/title>\n<meta name=\"robots\" content=\"index, follow, max-snippet:-1, max-image-preview:large, max-video-preview:-1\" \/>\n<link rel=\"canonical\" href=\"https:\/\/mmj.bcardmexico.com\/?product=car-smart-lcd-key-touch-screen\" \/>\n<meta property=\"og:locale\" content=\"es_MX\" \/>\n<meta property=\"og:type\" content=\"article\" \/>\n<meta property=\"og:title\" content=\"Car Smart LCD Key Touch Screen\" \/>\n<meta property=\"og:description\" content=\"No sabemos si este producto volver\u00e1 a estar disponible, ni cu\u00e1ndo.                                          [COMPATIBILIDAD APLICABLE] La tecla LCD inteligente es adecuada para todos los modelos con un bot\u00f3n de inicio, y no es adecuada para el coche original necesita llave mec\u00e1nica o insertar la tecla de tipo para introducir el modelo de coche.  \u3010ENTRADA CLAVE \u3011 Cuando el propietario lleva la llave cerca del autom\u00f3vil, la cerradura de la puerta se abrir\u00e1 autom\u00e1ticamente, sin la llave para ingresar al autom\u00f3vil, cuando el propietario deja el autom\u00f3vil, la cerradura de la puerta se cerrar\u00e1 autom\u00e1ticamente.  \u3010P\u00c9RDIDA ANTI CLAVE \u3011 La clave puede configurar la informaci\u00f3n de contacto del propietario, cuando se pierde la llave, la persona que la encuentre puede verificar la informaci\u00f3n de contacto del propietario para ponerse en contacto con el propietario para devolver la llave.  \u3010DISE\u00d1O \u00daNICO\u3011 Estilo personalizado, puede reemplazar el logotipo de la llave del autom\u00f3vil a voluntad, cubriendo la mayor\u00eda del logotipo de los modelos del mercado.  [F\u00e1cil de usar] El marco de la llave est\u00e1 hecho de aleaci\u00f3n de zinc, suave al tacto, el dise\u00f1o inteligente permite a los propietarios tener una experiencia m\u00e1s tecnol\u00f3gica.\" \/>\n<meta property=\"og:url\" content=\"https:\/\/mmj.bcardmexico.com\/?product=car-smart-lcd-key-touch-screen\" \/>\n<meta property=\"og:site_name\" content=\"MMJ CERRAJER\u00cdA\" \/>\n<meta property=\"article:modified_time\" content=\"2026-04-28T21:28:20+00:00\" \/>\n<meta property=\"og:image\" content=\"https:\/\/mmj.bcardmexico.com\/wp-content\/uploads\/2026\/04\/llave.jpg\" \/>\n\t<meta property=\"og:image:width\" content=\"1080\" \/>\n\t<meta property=\"og:image:height\" content=\"1080\" \/>\n\t<meta property=\"og:image:type\" content=\"image\/jpeg\" \/>\n<meta name=\"twitter:card\" content=\"summary_large_image\" \/>\n<meta name=\"twitter:label1\" content=\"Tiempo de lectura\" \/>\n\t<meta name=\"twitter:data1\" content=\"1 minuto\" \/>\n<script type=\"application\/ld+json\" class=\"yoast-schema-graph\">{\"@context\":\"https:\/\/schema.org\",\"@graph\":[{\"@type\":\"WebPage\",\"@id\":\"https:\/\/mmj.bcardmexico.com\/?product=car-smart-lcd-key-touch-screen\",\"url\":\"https:\/\/mmj.bcardmexico.com\/?product=car-smart-lcd-key-touch-screen\",\"name\":\"Car Smart LCD Key Touch Screen - MMJ CERRAJER\u00cdA\",\"isPartOf\":{\"@id\":\"https:\/\/mmj.bcardmexico.com\/#website\"},\"primaryImageOfPage\":{\"@id\":\"https:\/\/mmj.bcardmexico.com\/?product=car-smart-lcd-key-touch-screen#primaryimage\"},\"image\":{\"@id\":\"https:\/\/mmj.bcardmexico.com\/?product=car-smart-lcd-key-touch-screen#primaryimage\"},\"thumbnailUrl\":\"https:\/\/mmj.bcardmexico.com\/wp-content\/uploads\/2026\/04\/llave.jpg\",\"datePublished\":\"2026-04-28T21:28:19+00:00\",\"dateModified\":\"2026-04-28T21:28:20+00:00\",\"breadcrumb\":{\"@id\":\"https:\/\/mmj.bcardmexico.com\/?product=car-smart-lcd-key-touch-screen#breadcrumb\"},\"inLanguage\":\"es\",\"potentialAction\":[{\"@type\":\"ReadAction\",\"target\":[\"https:\/\/mmj.bcardmexico.com\/?product=car-smart-lcd-key-touch-screen\"]}]},{\"@type\":\"ImageObject\",\"inLanguage\":\"es\",\"@id\":\"https:\/\/mmj.bcardmexico.com\/?product=car-smart-lcd-key-touch-screen#primaryimage\",\"url\":\"https:\/\/mmj.bcardmexico.com\/wp-content\/uploads\/2026\/04\/llave.jpg\",\"contentUrl\":\"https:\/\/mmj.bcardmexico.com\/wp-content\/uploads\/2026\/04\/llave.jpg\",\"width\":1080,\"height\":1080},{\"@type\":\"BreadcrumbList\",\"@id\":\"https:\/\/mmj.bcardmexico.com\/?product=car-smart-lcd-key-touch-screen#breadcrumb\",\"itemListElement\":[{\"@type\":\"ListItem\",\"position\":1,\"name\":\"Home\",\"item\":\"https:\/\/mmj.bcardmexico.com\/\"},{\"@type\":\"ListItem\",\"position\":2,\"name\":\"Shop\",\"item\":\"https:\/\/mmj.bcardmexico.com\/?page_id=12\"},{\"@type\":\"ListItem\",\"position\":3,\"name\":\"Car Smart LCD Key Touch Screen\"}]},{\"@type\":\"WebSite\",\"@id\":\"https:\/\/mmj.bcardmexico.com\/#website\",\"url\":\"https:\/\/mmj.bcardmexico.com\/\",\"name\":\"MMJ CERRAJER\u00cdA\",\"description\":\"MMJ\",\"publisher\":{\"@id\":\"https:\/\/mmj.bcardmexico.com\/#organization\"},\"alternateName\":\"MMJ CERRAJER\u00cdA\",\"potentialAction\":[{\"@type\":\"SearchAction\",\"target\":{\"@type\":\"EntryPoint\",\"urlTemplate\":\"https:\/\/mmj.bcardmexico.com\/?s={search_term_string}\"},\"query-input\":{\"@type\":\"PropertyValueSpecification\",\"valueRequired\":true,\"valueName\":\"search_term_string\"}}],\"inLanguage\":\"es\"},{\"@type\":\"Organization\",\"@id\":\"https:\/\/mmj.bcardmexico.com\/#organization\",\"name\":\"MMJ CERRAJER\u00cdA\",\"url\":\"https:\/\/mmj.bcardmexico.com\/\",\"logo\":{\"@type\":\"ImageObject\",\"inLanguage\":\"es\",\"@id\":\"https:\/\/mmj.bcardmexico.com\/#\/schema\/logo\/image\/\",\"url\":\"https:\/\/mmj.bcardmexico.com\/wp-content\/uploads\/2022\/06\/Logo-cars-2x.png\",\"contentUrl\":\"https:\/\/mmj.bcardmexico.com\/wp-content\/uploads\/2022\/06\/Logo-cars-2x.png\",\"width\":355,\"height\":130,\"caption\":\"MMJ CERRAJER\u00cdA\"},\"image\":{\"@id\":\"https:\/\/mmj.bcardmexico.com\/#\/schema\/logo\/image\/\"}}]}<\/script>\n<!-- \/ Yoast SEO Premium plugin. -->","yoast_head_json":{"title":"Car Smart LCD Key Touch Screen - MMJ CERRAJER\u00cdA","robots":{"index":"index","follow":"follow","max-snippet":"max-snippet:-1","max-image-preview":"max-image-preview:large","max-video-preview":"max-video-preview:-1"},"canonical":"https:\/\/mmj.bcardmexico.com\/?product=car-smart-lcd-key-touch-screen","og_locale":"es_MX","og_type":"article","og_title":"Car Smart LCD Key Touch Screen","og_description":"No sabemos si este producto volver\u00e1 a estar disponible, ni cu\u00e1ndo.                                          [COMPATIBILIDAD APLICABLE] La tecla LCD inteligente es adecuada para todos los modelos con un bot\u00f3n de inicio, y no es adecuada para el coche original necesita llave mec\u00e1nica o insertar la tecla de tipo para introducir el modelo de coche.  \u3010ENTRADA CLAVE \u3011 Cuando el propietario lleva la llave cerca del autom\u00f3vil, la cerradura de la puerta se abrir\u00e1 autom\u00e1ticamente, sin la llave para ingresar al autom\u00f3vil, cuando el propietario deja el autom\u00f3vil, la cerradura de la puerta se cerrar\u00e1 autom\u00e1ticamente.  \u3010P\u00c9RDIDA ANTI CLAVE \u3011 La clave puede configurar la informaci\u00f3n de contacto del propietario, cuando se pierde la llave, la persona que la encuentre puede verificar la informaci\u00f3n de contacto del propietario para ponerse en contacto con el propietario para devolver la llave.  \u3010DISE\u00d1O \u00daNICO\u3011 Estilo personalizado, puede reemplazar el logotipo de la llave del autom\u00f3vil a voluntad, cubriendo la mayor\u00eda del logotipo de los modelos del mercado.  [F\u00e1cil de usar] El marco de la llave est\u00e1 hecho de aleaci\u00f3n de zinc, suave al tacto, el dise\u00f1o inteligente permite a los propietarios tener una experiencia m\u00e1s tecnol\u00f3gica.","og_url":"https:\/\/mmj.bcardmexico.com\/?product=car-smart-lcd-key-touch-screen","og_site_name":"MMJ CERRAJER\u00cdA","article_modified_time":"2026-04-28T21:28:20+00:00","og_image":[{"width":1080,"height":1080,"url":"https:\/\/mmj.bcardmexico.com\/wp-content\/uploads\/2026\/04\/llave.jpg","type":"image\/jpeg"}],"twitter_card":"summary_large_image","twitter_misc":{"Tiempo de lectura":"1 minuto"},"schema":{"@context":"https:\/\/schema.org","@graph":[{"@type":"WebPage","@id":"https:\/\/mmj.bcardmexico.com\/?product=car-smart-lcd-key-touch-screen","url":"https:\/\/mmj.bcardmexico.com\/?product=car-smart-lcd-key-touch-screen","name":"Car Smart LCD Key Touch Screen - MMJ CERRAJER\u00cdA","isPartOf":{"@id":"https:\/\/mmj.bcardmexico.com\/#website"},"primaryImageOfPage":{"@id":"https:\/\/mmj.bcardmexico.com\/?product=car-smart-lcd-key-touch-screen#primaryimage"},"image":{"@id":"https:\/\/mmj.bcardmexico.com\/?product=car-smart-lcd-key-touch-screen#primaryimage"},"thumbnailUrl":"https:\/\/mmj.bcardmexico.com\/wp-content\/uploads\/2026\/04\/llave.jpg","datePublished":"2026-04-28T21:28:19+00:00","dateModified":"2026-04-28T21:28:20+00:00","breadcrumb":{"@id":"https:\/\/mmj.bcardmexico.com\/?product=car-smart-lcd-key-touch-screen#breadcrumb"},"inLanguage":"es","potentialAction":[{"@type":"ReadAction","target":["https:\/\/mmj.bcardmexico.com\/?product=car-smart-lcd-key-touch-screen"]}]},{"@type":"ImageObject","inLanguage":"es","@id":"https:\/\/mmj.bcardmexico.com\/?product=car-smart-lcd-key-touch-screen#primaryimage","url":"https:\/\/mmj.bcardmexico.com\/wp-content\/uploads\/2026\/04\/llave.jpg","contentUrl":"https:\/\/mmj.bcardmexico.com\/wp-content\/uploads\/2026\/04\/llave.jpg","width":1080,"height":1080},{"@type":"BreadcrumbList","@id":"https:\/\/mmj.bcardmexico.com\/?product=car-smart-lcd-key-touch-screen#breadcrumb","itemListElement":[{"@type":"ListItem","position":1,"name":"Home","item":"https:\/\/mmj.bcardmexico.com\/"},{"@type":"ListItem","position":2,"name":"Shop","item":"https:\/\/mmj.bcardmexico.com\/?page_id=12"},{"@type":"ListItem","position":3,"name":"Car Smart LCD Key Touch Screen"}]},{"@type":"WebSite","@id":"https:\/\/mmj.bcardmexico.com\/#website","url":"https:\/\/mmj.bcardmexico.com\/","name":"MMJ CERRAJER\u00cdA","description":"MMJ","publisher":{"@id":"https:\/\/mmj.bcardmexico.com\/#organization"},"alternateName":"MMJ CERRAJER\u00cdA","potentialAction":[{"@type":"SearchAction","target":{"@type":"EntryPoint","urlTemplate":"https:\/\/mmj.bcardmexico.com\/?s={search_term_string}"},"query-input":{"@type":"PropertyValueSpecification","valueRequired":true,"valueName":"search_term_string"}}],"inLanguage":"es"},{"@type":"Organization","@id":"https:\/\/mmj.bcardmexico.com\/#organization","name":"MMJ CERRAJER\u00cdA","url":"https:\/\/mmj.bcardmexico.com\/","logo":{"@type":"ImageObject","inLanguage":"es","@id":"https:\/\/mmj.bcardmexico.com\/#\/schema\/logo\/image\/","url":"https:\/\/mmj.bcardmexico.com\/wp-content\/uploads\/2022\/06\/Logo-cars-2x.png","contentUrl":"https:\/\/mmj.bcardmexico.com\/wp-content\/uploads\/2022\/06\/Logo-cars-2x.png","width":355,"height":130,"caption":"MMJ CERRAJER\u00cdA"},"image":{"@id":"https:\/\/mmj.bcardmexico.com\/#\/schema\/logo\/image\/"}}]}},"_links":{"self":[{"href":"https:\/\/mmj.bcardmexico.com\/index.php?rest_route=\/wp\/v2\/product\/1993","targetHints":{"allow":["GET"]}}],"collection":[{"href":"https:\/\/mmj.bcardmexico.com\/index.php?rest_route=\/wp\/v2\/product"}],"about":[{"href":"https:\/\/mmj.bcardmexico.com\/index.php?rest_route=\/wp\/v2\/types\/product"}],"replies":[{"embeddable":true,"href":"https:\/\/mmj.bcardmexico.com\/index.php?rest_route=%2Fwp%2Fv2%2Fcomments&post=1993"}],"version-history":[{"count":1,"href":"https:\/\/mmj.bcardmexico.com\/index.php?rest_route=\/wp\/v2\/product\/1993\/revisions"}],"predecessor-version":[{"id":1996,"href":"https:\/\/mmj.bcardmexico.com\/index.php?rest_route=\/wp\/v2\/product\/1993\/revisions\/1996"}],"wp:featuredmedia":[{"embeddable":true,"href":"https:\/\/mmj.bcardmexico.com\/index.php?rest_route=\/wp\/v2\/media\/1994"}],"wp:attachment":[{"href":"https:\/\/mmj.bcardmexico.com\/index.php?rest_route=%2Fwp%2Fv2%2Fmedia&parent=1993"}],"wp:term":[{"taxonomy":"brand","embeddable":true,"href":"https:\/\/mmj.bcardmexico.com\/index.php?rest_route=%2Fwp%2Fv2%2Fetheme_brands&post=1993"},{"taxonomy":"product_brand","embeddable":true,"href":"https:\/\/mmj.bcardmexico.com\/index.php?rest_route=%2Fwp%2Fv2%2Fproduct_brand&post=1993"},{"taxonomy":"product_cat","embeddable":true,"href":"https:\/\/mmj.bcardmexico.com\/index.php?rest_route=%2Fwp%2Fv2%2Fproduct_cat&post=1993"},{"taxonomy":"product_tag","embeddable":true,"href":"https:\/\/mmj.bcardmexico.com\/index.php?rest_route=%2Fwp%2Fv2%2Fproduct_tag&post=1993"}],"curies":[{"name":"wp","href":"https:\/\/api.w.org\/{rel}","templated":true}]}}